4*j - a*j = 72. Calculate the remainder when j is divided by 19.
17
Let s be 1 - 9/3 - 18. Let m = s + 30. What is the remainder when 17 is divided by m?
7
Let y = -1 - -6. Let f(o) = o + 1. Let q(u) = -u. Let v(g) = 6*f(g) + 5*q(g). What is the remainder when y is divided by v(-3)?
2
Let x(p) = -p**2 - 12*p. Let g(z) = 4*z**2 + 2*z + 2. Let l be 2 - (-4)/(-1 - 0). Calculate the remainder when x(-9) is divided by g(l).
13
Let d(r) = 2*r. Calculate the remainder when 50 is divided by d(9).
14
Suppose -y = y - 24. What is the remainder when y is divided by 3?
0
Let x = 118 + -93. Calculate the remainder when 98 is divided by x.
23
Let l = 71 - 53. What is the remainder when l is divided by 5?
3
Suppose 0 = 3*r + 2*s - 25, 0 = -4*r + 3*r - 5*s + 30. Let n = -4 - -3. What is the remainder when 2*9*n/(-2) is divided by r?
4
Let t = -11 - -11. Suppose -s + 11 = -t*s - 3*x, -4*s - 3*x = -14. What is the remainder when s is divided by 3?
2
Suppose -7*q + 292 + 79 = 0. Calculate the remainder when q is divided by 11.
9
Suppose -2*t + 5*m = -5*t + 74, 3*t - 62 = -2*m. What is the remainder when 52 is divided by t?
16
Suppose 53*p - 55*p + 74 = 0. Calculate the remainder when p is divided by 11.
4
Suppose 3*o = -u + 44, u + o - 14 = 24. What is the remainder when 170/150 + -1 + (-2068)/(-15) is divided by u?
33
Let y = -10 - -34. What is the remainder when 69 is divided by y?
21
Let c be ((-6)/(-4))/((-11)/(-1210)). Suppose -5*b = -0*b - c. What is the remainder when b is divided by 7?
5
Suppose u - 49 = 6. What is the remainder when u is divided by 19?
17
Let o be (-1680)/(-9)*(-6)/(-2). Let g be 4/(-6) - o/6. Let n = g + 135. Calculate the remainder when n is divided by 14.
13
Suppose 4*o - 35 = -o. Calculate the remainder when 18 is divided by o.
4
What is the remainder when 110 is divided by 20/(-15)*(-20 + -1)?
26
Let o(w) = -3*w + 7. Let y(v) = -v**3 + 10*v**2 - 7*v - 8. What is the remainder when y(8) is divided by o(-5)?
20
Let f = 13 + 1. Let x(z) = -z**3 - 10*z**2 + 5. Calculate the remainder when f is divided by x(-10).
4
Suppose 30 = -h + 6*h. Suppose -h*z - 18 = -o - z, 0 = 5*o + z - 64. Calculate the remainder when 51 is divided by o.
12
Let r(v) = -v**3 + 8*v**2 + 10*v + 6. Let u be r(9). Suppose p - j - u = 0, -2*p - p + j = -39. Calculate the remainder when 34 is divided by p.
10
Suppose z + 17 = 52. Let q(a) = -a**2 + 8*a. What is the remainder when z is divided by q(6)?
11
Let t = 83 + -56. Let x(i) = i**3 + 4*i**2 + 2*i - 1. Let m be x(-3). Suppose -z = -m*z + t. What is the remainder when z is divided by 7?
6
Let x = -13 - -16. Suppose 5*d + 55 = 3*o - 0*o, x*d = 3. What is the remainder when 78 is divided by o?
18
Suppose -3*z + 168 = 2*t, 3*z - 61 = 2*z + t. What is the remainder when z is divided by 30?
28
Suppose -15 = -5*y + 4*y. Let u = -6 - -32. Let v = 70 - u. What is the remainder when v is divided by y?
14
Let c(a) = -a**3 + 10*a**2 + 4*a - 9. What is the remainder when 60 is divided by c(10)?
29
Let d(c) = -1. Let s(a) = a - 7. Let x(f) = -6*d(f) + s(f). Calculate the remainder when (-1)/(((-2)/(-2))/(-7)) is divided by x(5).
3
Suppose 3*f + 4 = 13, 5*f - 14 = l. Calculate the remainder when 3 is divided by l.
0
Let j = 89 + -72. Calculate the remainder when 46 is divided by j.
12
Suppose -3*k + 2*h - 5*h = -12, k + 4*h = 1. What is the remainder when k is divided by 4?
1
Suppose 10 - 34 = -3*x. Calculate the remainder when 31 is divided by x.
7
Let s(f) = -4*f - 1. What is the remainder when 19 is divided by s(-3)?
8
Suppose 3*a - 92 = -f, -102 = -2*f - 4*a + 74. Let m = f - 57. Calculate the remainder when m is divided by 12.
11
Let w = 9 - 6. Let i = 16 + -25. What is the remainder when (-86)/(-6) + w/i is divided by 5?
4
Calculate the remainder when 33/55 + (-494)/(-10) is divided by 13.
11
Suppose 3*o = o + 18. Suppose 2*v + 1 = o. Let c = v - -6. Calculate the remainder when 18 is divided by c.
8
Let n = 7 - 8. What is the remainder when n + (20 - (0 + 3)) is divided by 6?
4
What is the remainder when ((-270)/105)/(1/(-49)) is divided by 32?
30
Let m(o) = 3*o**2 - o + 2. What is the remainder when m(1) is divided by 1?
0
Suppose -3*u = -3*x - 129, 4*x + 10 = 2*u - 66. What is the remainder when 185 is divided by u?
41
Let r = 15 - 11. Let g = 8 - 5. Suppose -4*k + 9 = -g. What is the remainder when r is divided by k?
1
Suppose 3*s = -72 + 120. What is the remainder when 45 is divided by s?
13
What is the remainder when 28 is divided by (-28)/(-3) + (-22)/(-33)?
8
Suppose -3*w = -0*w - 105. Suppose -3*m - 2*m = 5*o - w, -13 = -4*m + o. What is the remainder when 7 is divided by m?
3
Suppose -5*o - 2*p = -534, 4*o - 347 = -5*p + 87. What is the remainder when o is divided by 11?
7
Let q(h) = -h**3 - 7*h**2 - 6*h - 5. Calculate the remainder when 71 is divided by q(-7).
34
Let i(a) be the second derivative of a**3/3 - 13*a**2/2 - 5*a. Calculate the remainder when 12 is divided by i(10).
5
Suppose -3*w - 3 = -0*w. Let n(m) be the first derivative of -13*m**4/4 + m**2 + m + 2. Calculate the remainder when 34 is divided by n(w).
10
What is the remainder when -37*3*(-3 + 49/21) is divided by 11?
8
Let x(p) = -3*p + 5 - 1 - 1. Calculate the remainder when x(-14) is divided by 16.
13
Let c be 10/4*(-32)/(-20). Let z = 2 - c. Calculate the remainder when 31 is divided by (z*1 - -3)*11.
9
Suppose 50 = 5*y - 0*y. What is the remainder when 29 is divided by y?
9
Suppose 5*o - 146 - 184 = 0. Suppose -5*p + o + 64 = 0. Suppose 0 = -3*u + 2*u + p. Calculate the remainder when u is divided by 14.
12
Let k = 10 + 6. Calculate the remainder when k is divided by 9.
7
Suppose -8 = -2*j + 54. Let g = -16 + j. What is the remainder when 29 is divided by g?
14
Let t(k) = k**2 - 3*k - 9. Let r be t(-10). Suppose -3*l = -2*l. Suppose -3*s - 19 + r = l. Calculate the remainder when s is divided by 12.
10
Let a = 108 - 77. Calculate the remainder when 58 is divided by a.
27
Suppose 0 = 5*n - 2*n, 3*d - n + 12 = 0. Let a = 0 - d. Suppose -4*i + 12 + a = 0. Calculate the remainder when i is divided by 3.
1
Let i = 76 - 23. Let o(p) = p**2 - 5*p + 8. Calculate the remainder when i is divided by o(6).
11
Suppose -13 - 5 = 3*k. Let w(p) = -2*p + 3. Calculate the remainder when w(k) is divided by 8.
7
Let k = 2 + -2. Suppose 5*l + 4*y - 86 + 21 = 0, -4*y = k. Calculate the remainder when 1/((-78)/(-76) + -1) is divided by l.
12
Suppose -15 = -2*o - 3*o. Let z = o - 3. Calculate the remainder when 2 + (-2 - -43) + z is divided by 15.
13
Suppose 26 = -5*z + 7*z. What is the remainder when z is divided by 5?
3
Let u be 22/4 - 6/4. Suppose -2*v + 44 = -4*a, -a = -u*v + 58 + 9. What is the remainder when 46 is divided by v?
14
Let r = 3 + -8. Let i(m) = -5*m + 1. What is the remainder when i(r) is divided by (5 + -1)/(8/28)?
12
Suppose 2*d = -3*d, -5*d = -3*c + 657. Calculate the remainder when c is divided by 11.
10
Suppose 185 = 6*y - y. Calculate the remainder when y is divided by 8.
5
Let d = 7 + -4. What is the remainder when 15 is divided by d?
0
Let f(g) = -4*g - 3. Suppose 5*m = -25 + 345. Let y = m - 45. What is the remainder when f(-10) is divided by y?
18
Suppose i + 5*j = 2*i - 25, -2*i - 5*j = 25. Suppose 4*l + 66 = -5*v, 39 = -3*v - l - 2. Let u = i - v. Calculate the remainder when u is divided by 5.
4
Let o(d) = d**2 + 31*d + 20. Calculate the remainder when o(-31) is divided by 7.
6
Let d = -123 - -180. What is the remainder when d is divided by (60/16)/((-2)/(-8))?
12
Let k be (-4)/(16/12) - -7. Let x(y) = -y**2 - 7*y - 5. Let g be x(-4). Suppose g*u - 60 = k*u. What is the remainder when 38 is divided by u?
18
Suppose 9 = g - 4. Suppose 3*f - 11 = -2*t + 20, 4 = -3*f + 5*t. What is the remainder when g is divided by f?
6
Suppose 9 + 2 = 2*c + 3*y, -2*y - 36 = -2*c. Calculate the remainder when 25 is divided by c.
12
Let l = 81 - 28. What is the remainder when l is divided by 14?
11
Let i(w) = 3*w + 6. Let q = 61 + -34. Let j = q + -17. What is the remainder when i(4) is divided by j?
8
Suppose -5 = 12*z - 13*z. What is the remainder when z is divided by 4?
1
Suppose 4*d + h = 20, 1 = 4*d + 2*h - 15. Calculate the remainder when d is divided by 3.
0
Suppose 6*l - 5*l - 9 = 0. Let n = 15 - l. What is the remainder when 15 is divided 